{"id":8,"date":"2018-02-15T22:39:45","date_gmt":"2018-02-15T22:39:45","guid":{"rendered":"https:\/\/fosol.com.co\/site\/?page_id=8"},"modified":"2022-06-30T09:56:51","modified_gmt":"2022-06-30T14:56:51","slug":"quienes-somos","status":"publish","type":"page","link":"https:\/\/fosol.com.co\/site\/fosol\/quienes-somos\/","title":{"rendered":"\u00bfQui\u00e9nes somos?"},"content":{"rendered":"<!--[overlay]--><style>\n.bd-textureoverlay-74822421:before{background-color:#000000;opacity:0.4;}<\/style><!--{content}-->    <!--[section]-->\n\t\t<style>\n.bd-section-1650323335{background-color:#ffffff;position:relative;background-size:cover;background-repeat:no-repeat;background-image:url(https:\/\/fosol.com.co\/site\/wp-content\/uploads\/2018\/02\/2594722_bd_media_id_9692adc4f715c509a156da7512916bd5.jpeg);background-attachment:fixed;padding-top:6em;padding-bottom:6em;background-position:center center;}\n.bd-section-1650323335{\n\tline-height:  24px;\n\tcolor:  #ffffff;\n\tfont-size:  16px;\n\tfont-weight:  400;\n}\n.bd-section-1650323335 h1{\n\tline-height:  55.2px;\n\ttext-transform:  uppercase;\n\tfont-size:  48px;\n\tfont-weight:  600;\n}\n\n@media (max-width: 767px) {.bd-section-1650323335 h1{\n\tline-height:  42.85714287px;\n\tfont-size:  30px;\n}\n}<\/style>\t\t<section id=section4 class=\" bd-section-1650323335 bd-tagstyles bd-textureoverlay  bd-textureoverlay-74822421 \" data-section-title=\"row with background image\">\n\t\t\t<div class=\"bd-container-inner bd-margins clearfix\">\n\t\t\t\t<!--{content}-->\n\t\t\t\t\t<!--[layoutbox]--><style>\n.additional-class-1193585549{width:95%;margin-left:auto;margin-right:auto;display:block;}\n@media (max-width: 1199px) {.additional-class-1193585549{width:75%;}}\n@media (max-width: 991px) {.additional-class-1193585549{width:90%;}}\n.additional-class-1193585549{\n\ttext-align:  center;\n}\n.additional-class-1193585549 h1{\n\ttext-align:  left;\n}\n<\/style><div class=\"clearfix  additional-class-1193585549  bd-no-margins bd-no-margins\"><div class=\"bd-container-inner\"><!--{content}-->    <!--[text]-->\n        <style>\n.additional-class-431767847{margin-top:0px;margin-bottom:0px;}<\/style>        <h1 class=\" additional-class-431767847  bd-content-element\">\n            <!--{content}-->\n                \u00bfQuienes somos?            <!--{\/content}-->\n        <\/h1>\n    <!--[\/text]-->\n<!--{\/content}--><\/div><\/div><!--[\/layoutbox]-->\t\t\t\t<!--{\/content}-->\n\t\t\t<\/div>\n\t\t<\/section>\n\t<!--[\/section]-->\n<!--{\/content}--><!--[\/overlay]-->\n    <!--[section]-->\n\t\t<style>\n.bd-section-59089768{background-attachment:scroll;background-size:cover;padding-top:3em;padding-bottom:3em;}\n.bd-section-59089768{\n\tline-height:  36px;\n\tfont-size:  18px;\n\tcolor:  #333333;\n}\n.bd-section-59089768 h1{\n\tline-height:  43.2px;\n\ttext-transform:  uppercase;\n\tfont-weight:  800;\n\tfont-size:  36px;\n\tcolor:  #000000;\n}\n<\/style>\t\t<section id=section4 class=\" bd-section-59089768  bd-tagstyles\" data-section-title=\"row with background image\">\n\t\t\t<div class=\"bd-container-inner bd-margins clearfix\">\n\t\t\t\t<!--{content}-->\n\t\t\t\t\t<!--[background_width]--><!--{content}--><!--[layoutbox]--><style>\n.additional-class-23945370{width:95%;margin-left:auto;margin-right:auto;display:block;}\n@media (max-width: 991px) {.additional-class-23945370{width:100%;}}\n.additional-class-23945370{\n\ttext-align:  justify;\n}\n<\/style><div class=\"clearfix  additional-class-23945370 bd-background-width  bd-no-margins bd-no-margins\"><div class=\"bd-container-inner\"><!--{content}-->\n    <!--[separator]-->\n    <style>\n.bd-separator-2002164528{margin-top:0px;margin-bottom:13px;padding:10px 0px;}<\/style>        <style>\n.bd-separator-2002164528 .bd-separator-inner:before, .bd-separator-2002164528 .bd-separator-inner:after{border-top:3px solid #333333;}<\/style>    <style>\n.bd-separator-2002164528 .bd-separator-inner{width:5%;}\n@media (max-width: 767px) {.bd-separator-2002164528 .bd-separator-inner{width:9%;}}<\/style>\n    <div class=\" bd-separator-2002164528  bd-separator-center bd-separator-content-center clearfix\">\n        <div class=\"bd-container-inner\">\n            <div class=\"bd-separator-inner\">\n                                <!--{content}--><!--{\/content}-->\n            <\/div>\n        <\/div>\n    <\/div>\n    <!--[\/separator]-->\n\n    \n\t\n\t\t    <!--[text]-->\n        <style>\n.additional-class-1744147441{margin-bottom:0px;margin-top:13px;}<\/style>        <p class=\" additional-class-1744147441  bd-content-element\">\n            <!--{content}-->\n                FOSOL es una organizaci\u00f3n asociativa de econom\u00eda solidaria, de derecho privado y sin \u00e1nimo de lucro con personer\u00eda jur\u00eddica reconocida mediante Resoluci\u00f3n No. 255 de Abril de 1968, otorgado por Dancoop e inscrita en c\u00e1mara de comercio el 11 de marzo de 1997 bajo el n\u00famero 00002717.\n<br>Propender por el bienestar de sus asociados, mejorando la calidad de vida, fomentando el ahorro para generar recursos destinados especialmente a la satisfacci\u00f3n de sus nececidades de cr\u00e9dito.<br>            <!--{\/content}-->\n        <\/p>\n    <!--[\/text]-->\n<!--{\/content}--><\/div><\/div><!--[\/layoutbox]--><!--{\/content}--><!--[\/background_width]-->\t\t\t\t<!--{\/content}-->\n\t\t\t<\/div>\n\t\t<\/section>\n\t<!--[\/section]-->\n\n","protected":false},"excerpt":{"rendered":"","protected":false},"author":2,"featured_media":0,"parent":6,"menu_order":1,"comment_status":"closed","ping_status":"closed","template":"","meta":[],"_links":{"self":[{"href":"https:\/\/fosol.com.co\/site\/wp-json\/wp\/v2\/pages\/8"}],"collection":[{"href":"https:\/\/fosol.com.co\/site\/wp-json\/wp\/v2\/pages"}],"about":[{"href":"https:\/\/fosol.com.co\/site\/wp-json\/wp\/v2\/types\/page"}],"author":[{"embeddable":true,"href":"https:\/\/fosol.com.co\/site\/wp-json\/wp\/v2\/users\/2"}],"replies":[{"embeddable":true,"href":"https:\/\/fosol.com.co\/site\/wp-json\/wp\/v2\/comments?post=8"}],"version-history":[{"count":10,"href":"https:\/\/fosol.com.co\/site\/wp-json\/wp\/v2\/pages\/8\/revisions"}],"predecessor-version":[{"id":535,"href":"https:\/\/fosol.com.co\/site\/wp-json\/wp\/v2\/pages\/8\/revisions\/535"}],"up":[{"embeddable":true,"href":"https:\/\/fosol.com.co\/site\/wp-json\/wp\/v2\/pages\/6"}],"wp:attachment":[{"href":"https:\/\/fosol.com.co\/site\/wp-json\/wp\/v2\/media?parent=8"}],"curies":[{"name":"wp","href":"https:\/\/api.w.org\/{rel}","templated":true}]}}