{"id":43,"date":"2018-02-15T23:16:07","date_gmt":"2018-02-15T23:16:07","guid":{"rendered":"https:\/\/fosol.com.co\/site\/?page_id=43"},"modified":"2022-07-14T14:58:03","modified_gmt":"2022-07-14T19:58:03","slug":"compra-o-abono-cartera","status":"publish","type":"page","link":"https:\/\/fosol.com.co\/site\/servicios\/creditos\/compra-o-abono-cartera\/","title":{"rendered":"Compra o abono cartera"},"content":{"rendered":"<!--[overlay]--><style>\n.bd-textureoverlay-17924399:before{background-color:#000000;opacity:0.4;}<\/style><!--{content}-->    <!--[section]-->\n\t\t<style>\n.bd-section-1062131307{background-color:#ffffff;position:relative;background-size:cover;background-repeat:no-repeat;background-image:url(https:\/\/fosol.com.co\/site\/wp-content\/uploads\/2018\/02\/1675566_bd_media_id_f5c1859e3ff093f8281438dbb829af5c.jpeg);background-attachment:fixed;padding-top:6em;padding-bottom:6em;background-position:center center;}\n.bd-section-1062131307{\n\tline-height:  24px;\n\tcolor:  #ffffff;\n\tfont-size:  16px;\n\tfont-weight:  400;\n}\n.bd-section-1062131307 h1{\n\tline-height:  55.2px;\n\ttext-transform:  uppercase;\n\tfont-size:  48px;\n\tfont-weight:  600;\n}\n\n@media (max-width: 767px) {.bd-section-1062131307 h1{\n\tline-height:  42.85714287px;\n\tfont-size:  30px;\n}\n}<\/style>\t\t<section id=section4 class=\" bd-section-1062131307 bd-tagstyles bd-textureoverlay  bd-textureoverlay-17924399 \" data-section-title=\"row with background image\">\n\t\t\t<div class=\"bd-container-inner bd-margins clearfix\">\n\t\t\t\t<!--{content}-->\n\t\t\t\t\t<!--[layoutbox]--><style>\n.additional-class-1438849096{width:95%;margin-left:auto;margin-right:auto;display:block;}\n@media (max-width: 1199px) {.additional-class-1438849096{width:75%;}}\n@media (max-width: 991px) {.additional-class-1438849096{width:90%;}}\n.additional-class-1438849096{\n\ttext-align:  center;\n}\n.additional-class-1438849096 h1{\n\ttext-align:  left;\n}\n<\/style><div class=\"clearfix  additional-class-1438849096  bd-no-margins bd-no-margins\"><div class=\"bd-container-inner\"><!--{content}-->    <!--[text]-->\n        <style>\n.additional-class-2067905659{margin-top:0px;margin-bottom:0px;}<\/style>        <h1 class=\" additional-class-2067905659  bd-content-element\">\n            <!--{content}-->\n                COmpra o abono de cartera            <!--{\/content}-->\n        <\/h1>\n    <!--[\/text]-->\n<!--{\/content}--><\/div><\/div><!--[\/layoutbox]-->\t\t\t\t<!--{\/content}-->\n\t\t\t<\/div>\n\t\t<\/section>\n\t<!--[\/section]-->\n<!--{\/content}--><!--[\/overlay]-->\n    <!--[section]-->\n\t\t<style>\n.bd-section-1992309402{background-color:#ffffff;padding:3em 2em;}\n.bd-section-1992309402{\n\tline-height:  34px;\n\tfont-size:  16px;\n\tcolor:  #000000;\n}\n.bd-section-1992309402 h2{\n\tline-height:  20px;\n\tfont-size:  20px;\n\tfont-weight:  600;\n\ttext-transform:  uppercase;\n}\n.bd-section-1992309402 h1{\n\tline-height:  68.57142859px;\n\tfont-size:  48px;\n\tfont-weight:  500;\n\ttext-transform:  uppercase;\n\tcolor:  #000000;\n}\n\n@media (max-width: 991px) {.bd-section-1992309402 h1{\n\tline-height:  36px;\n\tfont-size:  36px;\n}\n}<\/style>\t\t<section id=section4 class=\" bd-section-1992309402  bd-tagstyles\" data-section-title=\"Two Columns With Header\">\n\t\t\t<div class=\"bd-container-inner bd-margins clearfix\">\n\t\t\t\t<!--{content}-->\n\t\t\t\t\t    <!--[columns]-->\n        <style>\n.bd-layoutcontainer-570240444 > .bd-container-inner > .container-fluid > .row{height:calc(102%);margin:-1em -2em;}\n.bd-layoutcontainer-570240444 > .bd-container-inner > .container-fluid > .row > div{padding:1em 2em;}\n.bd-layoutcontainer-570240444  > .bd-container-inner > .container-fluid:after{display:none;}<\/style><style>\n.bd-layoutcontainer-570240444 > .bd-container-inner > .container-fluid, .bd-layoutcontainer-570240444 > .bd-container-inner > .container-fluid > .row{height:100%;}<\/style><style>.bd-layoutcontainer-570240444 > .bd-container-inner > .container-fluid {padding-left: 0; padding-right: 0;margin-left: 0!important; margin-right: 0!important;}<\/style>        <style><\/style>        <div class=\" bd-layoutcontainer-570240444  bd-columns bd-no-margins\">\n            <div class=\"bd-container-inner\">\n                <div class=\"container-fluid\">\n                    <div class=\"row bd-row-flex bd-row-align-middle\">\n                        <!--{content}-->\n                                <!--[column]-->\n        <div class=\"col-md-12 bd-columnwrapper-1299732524\">\n            <div class=\"bd-column  bd-layoutcolumn-1299732524 \">\n                <div class=\"bd-vertical-align-wrapper\">\n                    <!--{content}-->\n                        <!--[layoutbox]--><style>\n.additional-class-1692225155{\n\ttext-align:  justify;\n}\n<\/style><div class=\"clearfix  additional-class-1692225155  bd-no-margins\"><div class=\"bd-container-inner\"><!--{content}--><!--[icon]--><style>\n.additional-class-1393190585{float:left;margin-right:2em;margin-top:-0.5em;}<\/style><style>.additional-class-1393190585 {\n                    text-decoration: inherit;\n\t                display: inline-block;\n\t                speak: none;\n\t            }\n\n                .additional-class-1393190585:before {\n                    font-family: 'Billion Web Font';\n\t                font-style: normal;\n\t                font-weight: normal;\n\t                text-decoration: inherit;\n\t                text-align: center;\n\t                text-transform: none;\n\t                width: 1em;\n                }.additional-class-1393190585:before { content: '\\1ef'; }.additional-class-1393190585:before {width: auto; visibility: inherit;}.additional-class-1393190585:before{display: inline-block;}<\/style><style>\n.additional-class-1393190585:before{color:#ffffff;font-size:30px;background-color:#542e91;-webkit-transition:all 500ms;transition:all 500ms;padding:20px;border-radius:50%;line-height:42.85714287px;}<\/style><style>.additional-class-1393190585:before{line-height: 30px;}<\/style><style>.additional-class-1393190585:before {\n        vertical-align: middle;\n        text-decoration: none;\n    }<\/style><style>.additional-class-1393190585:hover {\n                    text-decoration: inherit;\n\t                display: inline-block;\n\t                speak: none;\n\t            }\n\n                .additional-class-1393190585:hover:before {\n                    font-family: 'Billion Web Font';\n\t                font-style: normal;\n\t                font-weight: normal;\n\t                text-decoration: inherit;\n\t                text-align: center;\n\t                text-transform: none;\n\t                width: 1em;\n                }.additional-class-1393190585:hover:before {width: auto; visibility: inherit;}.additional-class-1393190585:hover:before{display: inline-block;}<\/style><style>\n.additional-class-1393190585:hover:before{background-color:#6e3cbe;}<\/style><style>.additional-class-1393190585:hover:before {\n        vertical-align: middle;\n        text-decoration: none;\n    }<\/style><span class=\"bd-icon  additional-class-1393190585  hidden-xs  bd-no-margins bd-own-margins\"><!--{content}--><!--{\/content}--><\/span><!--[\/icon]-->\n\t\n\t\t    <!--[text]-->\n        <style>\n.additional-class-673418587{overflow:hidden;margin:0px;}<\/style>        <h2 class=\" additional-class-673418587  bd-no-margins bd-content-element\">\n            <!--{content}-->\n                Compra o abono de cartera            <!--{\/content}-->\n        <\/h2>\n    <!--[\/text]-->\n\n\t\n\t\t    <!--[text]-->\n        <style>\n.additional-class-1220197259{overflow:hidden;}<\/style>        <p class=\" additional-class-1220197259  bd-content-element\">\n            <!--{content}-->\n                Es\nel que se concede al Asociado y\/o n\u00facleo\nfamiliar b\u00e1sico para el pago de obligaciones financieras contra\u00eddas que sean\ndiferentes a las de FOSOL (Entidades financieras y de Econom\u00eda Solidaria),\nel asociado solicitante que acredite que tiene una obligaci\u00f3n crediticia\nvigente, mediante la presentaci\u00f3n de un extracto o certificaci\u00f3n reciente.&nbsp;&nbsp;<!--EndFragment--><br>            <!--{\/content}-->\n        <\/p>\n    <!--[\/text]-->\n\n\t\n\t\t\n    <!--[spacer]-->\n    <style>\n.bd-spacer-304866390{height:1em;clear:both;}<\/style>    <div class=\" bd-spacer-304866390  clearfix\">\n        <!--{content}--><!--{\/content}-->\n    <\/div>\n    <!--[\/spacer]-->\n\n    <!--{\/content}--><\/div><\/div><!--[\/layoutbox]-->\n\t\n\t\t<!--[layoutbox]--><style>\n.additional-class-1937385260{\n\ttext-align:  justify;\n}\n<\/style><div class=\"clearfix  additional-class-1937385260  bd-no-margins\"><div class=\"bd-container-inner\"><!--{content}--><!--[icon]--><style>\n.additional-class-373219144{float:left;margin-right:2em;margin-top:-0.5em;}<\/style><style>.additional-class-373219144 {\n                    text-decoration: inherit;\n\t                display: inline-block;\n\t                speak: none;\n\t            }\n\n                .additional-class-373219144:before {\n                    font-family: 'Billion Web Font';\n\t                font-style: normal;\n\t                font-weight: normal;\n\t                text-decoration: inherit;\n\t                text-align: center;\n\t                text-transform: none;\n\t                width: 1em;\n                }.additional-class-373219144:before { content: '\\2a0'; }.additional-class-373219144:before {width: auto; visibility: inherit;}.additional-class-373219144:before{display: inline-block;}<\/style><style>\n.additional-class-373219144:before{color:#ffffff;font-size:30px;background-color:#542e91;-webkit-transition:all 500ms;transition:all 500ms;padding:20px;border-radius:50%;line-height:42.85714287px;}<\/style><style>.additional-class-373219144:before{line-height: 30px;}<\/style><style>.additional-class-373219144:before {\n        vertical-align: middle;\n        text-decoration: none;\n    }<\/style><style>.additional-class-373219144:hover {\n                    text-decoration: inherit;\n\t                display: inline-block;\n\t                speak: none;\n\t            }\n\n                .additional-class-373219144:hover:before {\n                    font-family: 'Billion Web Font';\n\t                font-style: normal;\n\t                font-weight: normal;\n\t                text-decoration: inherit;\n\t                text-align: center;\n\t                text-transform: none;\n\t                width: 1em;\n                }.additional-class-373219144:hover:before {width: auto; visibility: inherit;}.additional-class-373219144:hover:before{display: inline-block;}<\/style><style>\n.additional-class-373219144:hover:before{background-color:#6e3cbe;}<\/style><style>.additional-class-373219144:hover:before {\n        vertical-align: middle;\n        text-decoration: none;\n    }<\/style><span class=\"bd-icon  additional-class-373219144  hidden-xs  bd-no-margins bd-own-margins\"><!--{content}--><!--{\/content}--><\/span><!--[\/icon]-->\n\t\n\t\t    <!--[text]-->\n        <style>\n.additional-class-1248768209{overflow:hidden;margin:0px;}<\/style>        <h2 class=\" additional-class-1248768209  bd-no-margins bd-content-element\">\n            <!--{content}-->\n                Tasa de inter\u00e9s            <!--{\/content}-->\n        <\/h2>\n    <!--[\/text]-->\n\n\t\n\t\t    <!--[text]-->\n        <style>\n.additional-class-1189434188{overflow:hidden;}<\/style>        <p class=\" additional-class-1189434188  bd-content-element\">\n            <!--{content}-->\n                Se cobrar\u00e1 la tasa de inter\u00e9s del 0.88% mensual\nvencido.<!--EndFragment--><br>            <!--{\/content}-->\n        <\/p>\n    <!--[\/text]-->\n\n\t\n\t\t\n    <!--[spacer]-->\n    <style>\n.bd-spacer-2053112618{height:1em;clear:both;}<\/style>    <div class=\" bd-spacer-2053112618  clearfix\">\n        <!--{content}--><!--{\/content}-->\n    <\/div>\n    <!--[\/spacer]-->\n\n    \n\t\n\t\t    <!--[text]-->\n                <p class=\" additional-class-717235674  bd-content-element\">\n            <!--{content}-->\n                <b>PAR\u00c1GRAFO 1\u00b0.&nbsp;<\/b>Transcurridos m\u00e1ximo\n30 d\u00edas calendario despu\u00e9s del desembolso, deber\u00e1 legalizar allegando\npaz y salvo del cr\u00e9dito o copia del aporte con el nuevo saldo crediticio, so\npena de ser transformado en cr\u00e9dito ordinario.&nbsp;&nbsp;<!--EndFragment-->            <!--{\/content}-->\n        <\/p>\n    <!--[\/text]-->\n\n\t\n\t\t    <!--[text]-->\n        <style>\n.additional-class-1430809194{\n\tfont-weight:  bold;\n}\n<\/style>        <p class=\" additional-class-1430809194  bd-content-element\">\n            <!--{content}-->\n                PAR\u00c1GRAFO 2\u00b0.&nbsp;\n<span style=\"font-weight: normal;\">El giro del dinero se har\u00e1 al asociado o a quien \u00e9l\ndetermine, caso en el cual el asociado asumir\u00e1 el cobro del GMF que el fondo\ndebe descontar por girarse a un tercero.&nbsp;&nbsp;<\/span><!--EndFragment-->            <!--{\/content}-->\n        <\/p>\n    <!--[\/text]-->\n<!--{\/content}--><\/div><\/div><!--[\/layoutbox]-->                    <!--{\/content}-->\n                <\/div>\n            <\/div>\n        <\/div>\n    <!--[\/column]-->\n                        <!--{\/content}-->\n                    <\/div>\n                <\/div>\n            <\/div>\n        <\/div>\n    <!--[\/columns]-->\n\t\t\t\t<!--{\/content}-->\n\t\t\t<\/div>\n\t\t<\/section>\n\t<!--[\/section]-->\n\n","protected":false},"excerpt":{"rendered":"","protected":false},"author":2,"featured_media":0,"parent":22,"menu_order":8,"comment_status":"closed","ping_status":"closed","template":"","meta":[],"_links":{"self":[{"href":"https:\/\/fosol.com.co\/site\/wp-json\/wp\/v2\/pages\/43"}],"collection":[{"href":"https:\/\/fosol.com.co\/site\/wp-json\/wp\/v2\/pages"}],"about":[{"href":"https:\/\/fosol.com.co\/site\/wp-json\/wp\/v2\/types\/page"}],"author":[{"embeddable":true,"href":"https:\/\/fosol.com.co\/site\/wp-json\/wp\/v2\/users\/2"}],"replies":[{"embeddable":true,"href":"https:\/\/fosol.com.co\/site\/wp-json\/wp\/v2\/comments?post=43"}],"version-history":[{"count":6,"href":"https:\/\/fosol.com.co\/site\/wp-json\/wp\/v2\/pages\/43\/revisions"}],"predecessor-version":[{"id":1227,"href":"https:\/\/fosol.com.co\/site\/wp-json\/wp\/v2\/pages\/43\/revisions\/1227"}],"up":[{"embeddable":true,"href":"https:\/\/fosol.com.co\/site\/wp-json\/wp\/v2\/pages\/22"}],"wp:attachment":[{"href":"https:\/\/fosol.com.co\/site\/wp-json\/wp\/v2\/media?parent=43"}],"curies":[{"name":"wp","href":"https:\/\/api.w.org\/{rel}","templated":true}]}}