{"id":10,"date":"2018-02-15T22:50:55","date_gmt":"2018-02-16T03:50:55","guid":{"rendered":"https:\/\/fosol.com.co\/site\/?page_id=10"},"modified":"2021-09-08T20:13:06","modified_gmt":"2021-09-09T01:13:06","slug":"mision","status":"publish","type":"page","link":"https:\/\/fosol.com.co\/site\/fosol\/mision\/","title":{"rendered":"Misi\u00f3n"},"content":{"rendered":"<!--[overlay]--><style>\n.bd-textureoverlay-504427650:before{background-color:#000000;opacity:0.4;}<\/style><!--{content}-->    <!--[section]-->\n\t\t<style>\n.bd-section-1103501112{background-color:#ffffff;position:relative;background-size:cover;background-repeat:no-repeat;background-image:url(https:\/\/fosol.com.co\/site\/wp-content\/uploads\/2019\/07\/2486241_bd_media_id_3f785d0534270769d571e4b7a829b028.jpeg);background-attachment:fixed;padding-top:6em;padding-bottom:6em;background-position:center center;}\n.bd-section-1103501112{\n\tline-height:  24px;\n\tcolor:  #ffffff;\n\tfont-size:  16px;\n\tfont-weight:  400;\n}\n.bd-section-1103501112 h1{\n\tline-height:  55.2px;\n\ttext-transform:  uppercase;\n\tfont-size:  48px;\n\tfont-weight:  600;\n}\n\n@media (max-width: 767px) {.bd-section-1103501112 h1{\n\tline-height:  42.85714287px;\n\tfont-size:  30px;\n}\n}<\/style>\t\t<section id=section4 class=\" bd-section-1103501112 bd-tagstyles bd-textureoverlay  bd-textureoverlay-504427650 \" data-section-title=\"row with background image\">\n\t\t\t<div class=\"bd-container-inner bd-margins clearfix\">\n\t\t\t\t<!--{content}-->\n\t\t\t\t\t<!--[layoutbox]--><style>\n.additional-class-1866960495{width:95%;margin-left:auto;margin-right:auto;display:block;}\n@media (max-width: 1199px) {.additional-class-1866960495{width:75%;}}\n@media (max-width: 991px) {.additional-class-1866960495{width:90%;}}\n.additional-class-1866960495{\n\ttext-align:  center;\n}\n.additional-class-1866960495 h1{\n\ttext-align:  left;\n}\n<\/style><div class=\"clearfix  additional-class-1866960495  bd-no-margins bd-no-margins\"><div class=\"bd-container-inner\"><!--{content}-->    <!--[text]-->\n        <style>\n.additional-class-488617878{margin-top:0px;margin-bottom:0px;}<\/style>        <h1 class=\" additional-class-488617878  bd-content-element\">\n            <!--{content}-->\n                Misi\u00f3n            <!--{\/content}-->\n        <\/h1>\n    <!--[\/text]-->\n<!--{\/content}--><\/div><\/div><!--[\/layoutbox]-->\t\t\t\t<!--{\/content}-->\n\t\t\t<\/div>\n\t\t<\/section>\n\t<!--[\/section]-->\n<!--{\/content}--><!--[\/overlay]-->\n    <!--[section]-->\n\t\t<style>\n.bd-section-1841944763{background-attachment:scroll;background-size:cover;padding-top:3em;padding-bottom:3em;}\n.bd-section-1841944763{\n\tline-height:  36px;\n\tfont-size:  18px;\n\tcolor:  #333333;\n}\n.bd-section-1841944763 h1{\n\tline-height:  43.2px;\n\ttext-transform:  uppercase;\n\tfont-weight:  800;\n\tfont-size:  36px;\n\tcolor:  #000000;\n}\n<\/style>\t\t<section id=section4 class=\" bd-section-1841944763  bd-tagstyles\" data-section-title=\"row with background image\">\n\t\t\t<div class=\"bd-container-inner bd-margins clearfix\">\n\t\t\t\t<!--{content}-->\n\t\t\t\t\t<!--[background_width]--><!--{content}--><!--[layoutbox]--><style>\n.additional-class-134401299{width:95%;margin-left:auto;margin-right:auto;display:block;}\n@media (max-width: 991px) {.additional-class-134401299{width:100%;}}\n.additional-class-134401299{\n\ttext-align:  center;\n}\n<\/style><div class=\"clearfix  additional-class-134401299 bd-background-width  bd-no-margins bd-no-margins\"><div class=\"bd-container-inner\"><!--{content}-->\n    <!--[separator]-->\n    <style>\n.bd-separator-2071590940{margin-top:0px;margin-bottom:13px;padding:10px 0px;}<\/style>        <style>\n.bd-separator-2071590940 .bd-separator-inner:before, .bd-separator-2071590940 .bd-separator-inner:after{border-top:3px solid #333333;}<\/style>    <style>\n.bd-separator-2071590940 .bd-separator-inner{width:5%;}\n@media (max-width: 767px) {.bd-separator-2071590940 .bd-separator-inner{width:9%;}}<\/style>\n    <div class=\" bd-separator-2071590940  bd-separator-center bd-separator-content-center clearfix\">\n        <div class=\"bd-container-inner\">\n            <div class=\"bd-separator-inner\">\n                                <!--{content}--><!--{\/content}-->\n            <\/div>\n        <\/div>\n    <\/div>\n    <!--[\/separator]-->\n\n    \r\n\t\r\n\t\t    <!--[text]-->\n        <style>\n.additional-class-977884874{margin-bottom:0px;margin-top:13px;}<\/style>        <p class=\" additional-class-977884874  bd-content-element\">\n            <!--{content}-->\n                Contribuir al mejoramiento de la calidad de vida del Asociado prestando servicios de ahorro,\r\ncr\u00e9dito y bienestar en condiciones m\u00e1s beneficiosas que las del mercado, a trav\u00e9s de tasas\r\ncompetitivas que permitan a FOSOL convertirse en la mejor alternativa financiera, amigable y\r\nconfiable; promoviendo el acceso a convenios que favorezcan al Asociado y su grupo familiar\r\nmediante el retorno de beneficios logrando incentivar a los funcionarios del IDU y empleados\r\ndel fondo a asociarse y formar parte de la familia FOSOL.<br>            <!--{\/content}-->\n        <\/p>\n    <!--[\/text]-->\n<!--{\/content}--><\/div><\/div><!--[\/layoutbox]--><!--{\/content}--><!--[\/background_width]-->\t\t\t\t<!--{\/content}-->\n\t\t\t<\/div>\n\t\t<\/section>\n\t<!--[\/section]-->\n\n","protected":false},"excerpt":{"rendered":"","protected":false},"author":2,"featured_media":0,"parent":6,"menu_order":2,"comment_status":"closed","ping_status":"closed","template":"","meta":[],"_links":{"self":[{"href":"https:\/\/fosol.com.co\/site\/wp-json\/wp\/v2\/pages\/10"}],"collection":[{"href":"https:\/\/fosol.com.co\/site\/wp-json\/wp\/v2\/pages"}],"about":[{"href":"https:\/\/fosol.com.co\/site\/wp-json\/wp\/v2\/types\/page"}],"author":[{"embeddable":true,"href":"https:\/\/fosol.com.co\/site\/wp-json\/wp\/v2\/users\/2"}],"replies":[{"embeddable":true,"href":"https:\/\/fosol.com.co\/site\/wp-json\/wp\/v2\/comments?post=10"}],"version-history":[{"count":11,"href":"https:\/\/fosol.com.co\/site\/wp-json\/wp\/v2\/pages\/10\/revisions"}],"predecessor-version":[{"id":940,"href":"https:\/\/fosol.com.co\/site\/wp-json\/wp\/v2\/pages\/10\/revisions\/940"}],"up":[{"embeddable":true,"href":"https:\/\/fosol.com.co\/site\/wp-json\/wp\/v2\/pages\/6"}],"wp:attachment":[{"href":"https:\/\/fosol.com.co\/site\/wp-json\/wp\/v2\/media?parent=10"}],"curies":[{"name":"wp","href":"https:\/\/api.w.org\/{rel}","templated":true}]}}